What is the remainder when 11615505 is divided by 41044?
53
What is the remainder when 23535630 is divided by 904?
894
Calculate the remainder when 18426922 is divided by 2303363.
18
Calculate the remainder when 1308963 is divided by 4998.
4485
Calculate the remainder when 62663 is divided by 61391.
1272
What is the remainder when 228535 is divided by 3085?
245
What is the remainder when 3110090 is divided by 5263?
4920
What is the remainder when 206603 is divided by 8125?
3478
What is the remainder when 1885545 is divided by 889?
865
What is the remainder when 372358 is divided by 10508?
4578
Calculate the remainder when 13864870 is divided by 7371.
19
Calculate the remainder when 18686196 is divided by 174.
162
Calculate the remainder when 463355 is divided by 1863.
1331
Calculate the remainder when 484376 is divided by 254.
252
What is the remainder when 3446005 is divided by 2100?
2005
Calculate the remainder when 149035 is divided by 29561.
1230
What is the remainder when 573761 is divided by 233?
115
Calculate the remainder when 83524 is divided by 282.
52
Calculate the remainder when 8761 is divided by 1369.
547
What is the remainder when 654114 is divided by 7787?
6
What is the remainder when 778941 is divided by 2002?
163
What is the remainder when 187059 is divided by 26685?
264
Calculate the remainder when 45027965 is divided by 298198.
67
What is the remainder when 85044570 is divided by 423?
420
Calculate the remainder when 130507 is divided by 10847.
343
What is the remainder when 8048952 is divided by 68?
64
What is the remainder when 332353948 is divided by 75?
73
What is the remainder when 44292690 is divided by 181?
180
Calculate the remainder when 1064550 is divided by 66534.
6
What is the remainder when 25292316 is divided by 181959?
15
Calculate the remainder when 188595 is divided by 45720.
5715
Calculate the remainder when 7308747 is divided by 3433.
3323
Calculate the remainder when 1348268 is divided by 216.
212
What is the remainder when 30136329 is divided by 31?
20
What is the remainder when 4953250 is divided by 825417?
748
Calculate the remainder when 95532 is divided by 47269.
994
Calculate the remainder when 29726630 is divided by 410.
400
What is the remainder when 721684 is divided by 50?
34
Calculate the remainder when 582517 is divided by 291251.
15
What is the remainder when 665518 is divided by 264?
238
What is the remainder when 54683 is divided by 7775?
258
Calculate the remainder when 48595 is divided by 48590.
5
Calculate the remainder when 97360388 is divided by 2781725.
13
What is the remainder when 58400451 is divided by 22?
21
What is the remainder when 113185 is divided by 3902?
27
Calculate the remainder when 88950 is divided by 3865.
55
Calculate the remainder when 222236 is divided by 111093.
50
What is the remainder when 2648376 is divided by 19?
4
What is the remainder when 653030 is divided by 12800?
230
What is the remainder when 2175249 is divided by 1780?
89
Calculate the remainder when 82545 is divided by 19950.
2745
What is the remainder when 785198 is divided by 784877?
321
Calculate the remainder when 239338 is divided by 103.
69
Calculate the remainder when 96075 is divided by 745.
715
Calculate the remainder when 5435288 is divided by 60.
8
What is the remainder when 82400 is divided by 6828?
464
What is the remainder when 12592 is divided by 181?
103
What is the remainder when 32052613 is divided by 10624?
5
Calculate the remainder when 1127992 is divided by 140991.
64
Calculate the remainder when 1694801 is divided by 1694787.
14
What is the remainder when 299123583 is divided by 62?
57
What is the remainder when 1025731 is divided by 948?
943
What is the remainder when 264391535 is divided by 76?
75
Calculate the remainder when 270553 is divided by 3182.
83
Calculate the remainder when 1545872 is divided by 58.
56
What is the remainder when 6066264 is divided by 173321?
29
What is the remainder when 97632 is divided by 2564?
200
What is the remainder when 22522541 is divided by 1415?
1401
What is the remainder when 896452 is divided by 223658?
1820
What is the remainder when 18737889 is divided by 1085?
1024
Calculate the remainder when 15319324 is divided by 23.
13
What is the remainder when 109097 is divided by 7?
2
What is the remainder when 68523 is divided by 6655?
1973
Calculate the remainder when 134589798 is divided by 100.
98
Calculate the remainder when 4220588 is divided by 327.
326
What is the remainder when 2712573 is divided by 228?
57
What is the remainder when 118840346 is divided by 261?
260
What is the remainder when 41111364 is divided by 2055568?
4
Calculate the remainder when 4946333 is divided by 1648769.
26
Calculate the remainder when 16209899 is divided by 620.
619
What is the remainder when 15328879 is divided by 1766?
1765
What is the remainder when 135431090 is divided by 6161?
6149
Calculate the remainder when 8488440 is divided by 805.
520
What is the remainder when 1816557 is divided by 391?
362
Calculate the remainder when 6260 is divided by 414.
50
Calculate the remainder when 66410862 is divided by 43.
28
What is the remainder when 12976546 is divided by 2128?
2
What is the remainder when 34714583 is divided by 157?
156
What is the remainder when 37836 is divided by 2561?
1982
What is the remainder when 853434 is divided by 13027?
6679
What is the remainder when 59940417 is divided by 169?
4
What is the remainder when 118142 is divided by 58941?
260
Calculate the remainder when 94034157 is divided by 47017076.
5
What is the remainder when 1759634 is divided by 586544?
2
What is the remainder when 6864315 is divided by 326866?
129
Calculate the remainder when 173139 is divided by 173136.
3
Calculate the remainder when 4169084 is divided by 903.
836
Calculate the remainder when 37415 is divided by 2449.
680
Calculate the remainder when 891073 is divided by 11872.
673
Calculate the remainder when 1284406 is divided by 5945.
286
Calculate the remainder when 5895759 is divided by 982625.
9
What is the remainder when 85585042 is divided by 6358?
4
What is the remainder when 46875 is divided by 45737?
1138
What is the remainder when 5622381 is divided by 119623?
100
Calculate the remainder when 125137 is divided by 1493.
1218
What is the remainder when 2898931 is divided by 724728?
19
Calculate the remainder when 14080 is divided by 6899.
282
What is the remainder when 2129275 is divided by 2905?
2815
Calculate the remainder when 2735218 is divided by 455867.
16
What is the remainder when 14201 is divided by 2472?
1841
What is the remainder when 5220701 is divided by 1740233?
2
Calculate the remainder when 13506780 is divided by 1520.
60
What is the remainder when 3064758 is divided by 12?
6
Calculate the remainder when 66602 is divided by 1169.
1138
Calculate the remainder when 126376 is divided by 62538.
1300
Calculate the remainder when 2077068 is divided by 19971.
84
Calculate the remainder when 151936 is divided by 6807.
2182
What is the remainder when 2539796 is divided by 74698?
64
What is the remainder when 1642937 is divided by 85?
57
Calculate the remainder when 28281343 is divided by 607.
606
Calculate the remainder when 227368 is divided by 895.
38
What is the remainder when 705047 is divided by 361?
14
What is the remainder when 554920 is divided by 5913?
5011
Calculate the remainder when 801981 is divided by 88.
37
Calculate the remainder when 1202940 is divided by 56.
4
What is the remainder when 122947 is divided by 7679?
83
Calculate the remainder when 5175275 is divided by 595.
560
What is the remainder when 325188 is divided by 108377?
57
What is the remainder when 121493 is divided by 1966?
1567
Calculate the remainder when 315507 is divided by 99.
93
Calculate the remainder when 70648 is divided by 11701.
442
What is the remainder when 333824 is divided by 1835?
1689
Calculate the remainder when 19109356 is divided by 21.
7
What is the remainder when 5259840 is divided by 27?
24
What is the remainder when 41278234 is divided by 4588?
4586
Calculate the remainder when 1568037 is divided by 35637.
9
Calculate the remainder when 10662881 is divided by 2435.
16
Calculate the remainder when 890965 is divided by 222738.
13
Calculate 